{"id":6909,"date":"2025-10-06T20:19:42","date_gmt":"2025-10-06T20:19:42","guid":{"rendered":"https:\/\/solidshoes.com\/?post_type=product&#038;p=6909"},"modified":"2025-10-06T20:19:42","modified_gmt":"2025-10-06T20:19:42","slug":"marn","status":"publish","type":"product","link":"https:\/\/solidshoes.com\/?product=marn","title":{"rendered":"MARN"},"content":{"rendered":"<p>K\u00ebpuc\u00eb dimri p\u00ebr meshkuj, t\u00eb punuara me kujdes nga 100% l\u00ebkur\u00eb natyrale, kombinimi ideal mes eleganc\u00ebs klasike dhe komoditetit modern. Me izolim t\u00eb brendsh\u00ebm p\u00ebr ngroht\u00ebsi maksimale dhe sholl\u00eb t\u00eb fort\u00eb kund\u00ebr rr\u00ebshqitjes, ato jan\u00eb zgjidhja perfekte p\u00ebr dit\u00ebt e ftohta, pa b\u00ebr\u00eb kompromis me stilin.<\/p>\n","protected":false},"excerpt":{"rendered":"<p>K\u00ebpuc\u00eb dimri p\u00ebr meshkuj, t\u00eb punuara me kujdes nga 100% l\u00ebkur\u00eb natyrale, kombinimi ideal mes eleganc\u00ebs klasike dhe komoditetit modern. Me izolim t\u00eb brendsh\u00ebm p\u00ebr ngroht\u00ebsi maksimale dhe sholl\u00eb t\u00eb fort\u00eb kund\u00ebr rr\u00ebshqitjes, ato jan\u00eb zgjidhja perfekte p\u00ebr dit\u00ebt e ftohta, pa b\u00ebr\u00eb kompromis me stilin. <\/p>\n<div><a class=\"zoli-read-more-link\" href=\"https:\/\/solidshoes.com\/?product=marn\">Read More<span class=\"lexus-icon-Icon_Next\"><\/span><\/a><\/div>\n","protected":false},"featured_media":6906,"comment_status":"open","ping_status":"closed","template":"","meta":{"_acf_changed":false},"pwb-brand":[153],"product_brand":[149],"product_cat":[155,88],"product_tag":[41,159,40],"class_list":{"0":"post-6909","1":"product","2":"type-product","3":"status-publish","4":"has-post-thumbnail","6":"pwb-brand-solid","7":"product_brand-solid","8":"product_cat-cizme-per-meshkuj","9":"product_cat-meshkuj","10":"product_tag-100-punedore","11":"product_tag-100-lekure","12":"product_tag-comfort","14":"first","15":"instock","16":"sale","17":"shipping-taxable","18":"purchasable","19":"product-type-variable"},"acf":[],"yoast_head":"<!-- This site is optimized with the Yoast SEO plugin v23.9 - https:\/\/yoast.com\/wordpress\/plugins\/seo\/ -->\n<title>MARN - Solid Shoes<\/title>\n<meta name=\"robots\" content=\"index, follow, max-snippet:-1, max-image-preview:large, max-video-preview:-1\" \/>\n<link rel=\"canonical\" href=\"https:\/\/solidshoes.com\/?product=marn\" \/>\n<meta property=\"og:locale\" content=\"en_US\" \/>\n<meta property=\"og:type\" content=\"article\" \/>\n<meta property=\"og:title\" content=\"MARN - Solid Shoes\" \/>\n<meta property=\"og:description\" content=\"K\u00ebpuc\u00eb dimri p\u00ebr meshkuj, t\u00eb punuara me kujdes nga 100% l\u00ebkur\u00eb natyrale, kombinimi ideal mes eleganc\u00ebs klasike dhe komoditetit modern. Me izolim t\u00eb brendsh\u00ebm p\u00ebr ngroht\u00ebsi maksimale dhe sholl\u00eb t\u00eb fort\u00eb kund\u00ebr rr\u00ebshqitjes, ato jan\u00eb zgjidhja perfekte p\u00ebr dit\u00ebt e ftohta, pa b\u00ebr\u00eb kompromis me stilin. Read More\" \/>\n<meta property=\"og:url\" content=\"https:\/\/solidshoes.com\/?product=marn\" \/>\n<meta property=\"og:site_name\" content=\"Solid Shoes\" \/>\n<meta property=\"og:image\" content=\"https:\/\/solidshoes.com\/wp-content\/uploads\/2025\/10\/45.png\" \/>\n\t<meta property=\"og:image:width\" content=\"590\" \/>\n\t<meta property=\"og:image:height\" content=\"575\" \/>\n\t<meta property=\"og:image:type\" content=\"image\/png\" \/>\n<meta name=\"twitter:card\" content=\"summary_large_image\" \/>\n<meta name=\"twitter:label1\" content=\"Est. reading time\" \/>\n\t<meta name=\"twitter:data1\" content=\"1 minute\" \/>\n<script type=\"application\/ld+json\" class=\"yoast-schema-graph\">{\"@context\":\"https:\/\/schema.org\",\"@graph\":[{\"@type\":\"WebPage\",\"@id\":\"https:\/\/solidshoes.com\/?product=marn\",\"url\":\"https:\/\/solidshoes.com\/?product=marn\",\"name\":\"MARN - Solid Shoes\",\"isPartOf\":{\"@id\":\"https:\/\/solidshoes.com\/#website\"},\"primaryImageOfPage\":{\"@id\":\"https:\/\/solidshoes.com\/?product=marn#primaryimage\"},\"image\":{\"@id\":\"https:\/\/solidshoes.com\/?product=marn#primaryimage\"},\"thumbnailUrl\":\"https:\/\/solidshoes.com\/wp-content\/uploads\/2025\/10\/45.png\",\"datePublished\":\"2025-10-06T20:19:42+00:00\",\"dateModified\":\"2025-10-06T20:19:42+00:00\",\"breadcrumb\":{\"@id\":\"https:\/\/solidshoes.com\/?product=marn#breadcrumb\"},\"inLanguage\":\"en-US\",\"potentialAction\":[{\"@type\":\"ReadAction\",\"target\":[\"https:\/\/solidshoes.com\/?product=marn\"]}]},{\"@type\":\"ImageObject\",\"inLanguage\":\"en-US\",\"@id\":\"https:\/\/solidshoes.com\/?product=marn#primaryimage\",\"url\":\"https:\/\/solidshoes.com\/wp-content\/uploads\/2025\/10\/45.png\",\"contentUrl\":\"https:\/\/solidshoes.com\/wp-content\/uploads\/2025\/10\/45.png\",\"width\":590,\"height\":575},{\"@type\":\"BreadcrumbList\",\"@id\":\"https:\/\/solidshoes.com\/?product=marn#breadcrumb\",\"itemListElement\":[{\"@type\":\"ListItem\",\"position\":1,\"name\":\"Home\",\"item\":\"https:\/\/solidshoes.com\/\"},{\"@type\":\"ListItem\",\"position\":2,\"name\":\"Shop\",\"item\":\"https:\/\/solidshoes.com\/?page_id=9\"},{\"@type\":\"ListItem\",\"position\":3,\"name\":\"MARN\"}]},{\"@type\":\"WebSite\",\"@id\":\"https:\/\/solidshoes.com\/#website\",\"url\":\"https:\/\/solidshoes.com\/\",\"name\":\"Solid Shoes\",\"description\":\"\",\"potentialAction\":[{\"@type\":\"SearchAction\",\"target\":{\"@type\":\"EntryPoint\",\"urlTemplate\":\"https:\/\/solidshoes.com\/?s={search_term_string}\"},\"query-input\":{\"@type\":\"PropertyValueSpecification\",\"valueRequired\":true,\"valueName\":\"search_term_string\"}}],\"inLanguage\":\"en-US\"}]}<\/script>\n<!-- \/ Yoast SEO plugin. -->","yoast_head_json":{"title":"MARN - Solid Shoes","robots":{"index":"index","follow":"follow","max-snippet":"max-snippet:-1","max-image-preview":"max-image-preview:large","max-video-preview":"max-video-preview:-1"},"canonical":"https:\/\/solidshoes.com\/?product=marn","og_locale":"en_US","og_type":"article","og_title":"MARN - Solid Shoes","og_description":"K\u00ebpuc\u00eb dimri p\u00ebr meshkuj, t\u00eb punuara me kujdes nga 100% l\u00ebkur\u00eb natyrale, kombinimi ideal mes eleganc\u00ebs klasike dhe komoditetit modern. Me izolim t\u00eb brendsh\u00ebm p\u00ebr ngroht\u00ebsi maksimale dhe sholl\u00eb t\u00eb fort\u00eb kund\u00ebr rr\u00ebshqitjes, ato jan\u00eb zgjidhja perfekte p\u00ebr dit\u00ebt e ftohta, pa b\u00ebr\u00eb kompromis me stilin. Read More","og_url":"https:\/\/solidshoes.com\/?product=marn","og_site_name":"Solid Shoes","og_image":[{"width":590,"height":575,"url":"https:\/\/solidshoes.com\/wp-content\/uploads\/2025\/10\/45.png","type":"image\/png"}],"twitter_card":"summary_large_image","twitter_misc":{"Est. reading time":"1 minute"},"schema":{"@context":"https:\/\/schema.org","@graph":[{"@type":"WebPage","@id":"https:\/\/solidshoes.com\/?product=marn","url":"https:\/\/solidshoes.com\/?product=marn","name":"MARN - Solid Shoes","isPartOf":{"@id":"https:\/\/solidshoes.com\/#website"},"primaryImageOfPage":{"@id":"https:\/\/solidshoes.com\/?product=marn#primaryimage"},"image":{"@id":"https:\/\/solidshoes.com\/?product=marn#primaryimage"},"thumbnailUrl":"https:\/\/solidshoes.com\/wp-content\/uploads\/2025\/10\/45.png","datePublished":"2025-10-06T20:19:42+00:00","dateModified":"2025-10-06T20:19:42+00:00","breadcrumb":{"@id":"https:\/\/solidshoes.com\/?product=marn#breadcrumb"},"inLanguage":"en-US","potentialAction":[{"@type":"ReadAction","target":["https:\/\/solidshoes.com\/?product=marn"]}]},{"@type":"ImageObject","inLanguage":"en-US","@id":"https:\/\/solidshoes.com\/?product=marn#primaryimage","url":"https:\/\/solidshoes.com\/wp-content\/uploads\/2025\/10\/45.png","contentUrl":"https:\/\/solidshoes.com\/wp-content\/uploads\/2025\/10\/45.png","width":590,"height":575},{"@type":"BreadcrumbList","@id":"https:\/\/solidshoes.com\/?product=marn#breadcrumb","itemListElement":[{"@type":"ListItem","position":1,"name":"Home","item":"https:\/\/solidshoes.com\/"},{"@type":"ListItem","position":2,"name":"Shop","item":"https:\/\/solidshoes.com\/?page_id=9"},{"@type":"ListItem","position":3,"name":"MARN"}]},{"@type":"WebSite","@id":"https:\/\/solidshoes.com\/#website","url":"https:\/\/solidshoes.com\/","name":"Solid Shoes","description":"","potentialAction":[{"@type":"SearchAction","target":{"@type":"EntryPoint","urlTemplate":"https:\/\/solidshoes.com\/?s={search_term_string}"},"query-input":{"@type":"PropertyValueSpecification","valueRequired":true,"valueName":"search_term_string"}}],"inLanguage":"en-US"}]}},"brands":[{"id":153,"name":"Solid Shoes","slug":"solid"}],"_links":{"self":[{"href":"https:\/\/solidshoes.com\/index.php?rest_route=\/wp\/v2\/product\/6909","targetHints":{"allow":["GET"]}}],"collection":[{"href":"https:\/\/solidshoes.com\/index.php?rest_route=\/wp\/v2\/product"}],"about":[{"href":"https:\/\/solidshoes.com\/index.php?rest_route=\/wp\/v2\/types\/product"}],"replies":[{"embeddable":true,"href":"https:\/\/solidshoes.com\/index.php?rest_route=%2Fwp%2Fv2%2Fcomments&post=6909"}],"version-history":[{"count":1,"href":"https:\/\/solidshoes.com\/index.php?rest_route=\/wp\/v2\/product\/6909\/revisions"}],"predecessor-version":[{"id":6915,"href":"https:\/\/solidshoes.com\/index.php?rest_route=\/wp\/v2\/product\/6909\/revisions\/6915"}],"wp:featuredmedia":[{"embeddable":true,"href":"https:\/\/solidshoes.com\/index.php?rest_route=\/wp\/v2\/media\/6906"}],"wp:attachment":[{"href":"https:\/\/solidshoes.com\/index.php?rest_route=%2Fwp%2Fv2%2Fmedia&parent=6909"}],"wp:term":[{"taxonomy":"pwb-brand","embeddable":true,"href":"https:\/\/solidshoes.com\/index.php?rest_route=%2Fwp%2Fv2%2Fpwb-brand&post=6909"},{"taxonomy":"product_brand","embeddable":true,"href":"https:\/\/solidshoes.com\/index.php?rest_route=%2Fwp%2Fv2%2Fproduct_brand&post=6909"},{"taxonomy":"product_cat","embeddable":true,"href":"https:\/\/solidshoes.com\/index.php?rest_route=%2Fwp%2Fv2%2Fproduct_cat&post=6909"},{"taxonomy":"product_tag","embeddable":true,"href":"https:\/\/solidshoes.com\/index.php?rest_route=%2Fwp%2Fv2%2Fproduct_tag&post=6909"}],"curies":[{"name":"wp","href":"https:\/\/api.w.org\/{rel}","templated":true}]}}