{"id":6214,"date":"2025-09-24T16:28:33","date_gmt":"2025-09-24T16:28:33","guid":{"rendered":"https:\/\/solidshoes.com\/?post_type=product&#038;p=6214"},"modified":"2025-09-24T16:31:32","modified_gmt":"2025-09-24T16:31:32","slug":"mgs022","status":"publish","type":"product","link":"https:\/\/solidshoes.com\/?product=mgs022","title":{"rendered":"MGS021"},"content":{"rendered":"<p>P\u00ebr nj\u00eb pamje t\u00eb sofistikuar dhe komoditet t\u00eb p\u00ebrkryer, kepucet Marina Galanti jan\u00eb zgjedhja ideale p\u00ebr \u00e7do rast. P\u00ebrshtaten n\u00eb m\u00ebnyr\u00eb perfekte me \u00e7do veshje, duke ofruar nj\u00eb stil t\u00eb pakrahasuesh\u00ebm dhe ndjesi komode gjat\u00eb gjith\u00eb dit\u00ebs<\/p>\n","protected":false},"excerpt":{"rendered":"<p>P\u00ebr nj\u00eb pamje t\u00eb sofistikuar dhe komoditet t\u00eb p\u00ebrkryer, kepucet Marina Galanti jan\u00eb zgjedhja ideale p\u00ebr \u00e7do rast. P\u00ebrshtaten n\u00eb m\u00ebnyr\u00eb perfekte me \u00e7do veshje, duke ofruar nj\u00eb stil t\u00eb pakrahasuesh\u00ebm dhe ndjesi komode gjat\u00eb gjith\u00eb dit\u00ebs <\/p>\n<div><a class=\"zoli-read-more-link\" href=\"https:\/\/solidshoes.com\/?product=mgs022\">Read More<span class=\"lexus-icon-Icon_Next\"><\/span><\/a><\/div>\n","protected":false},"featured_media":6219,"comment_status":"open","ping_status":"closed","template":"","meta":{"_acf_changed":false},"pwb-brand":[151],"product_brand":[150],"product_cat":[89,60],"product_tag":[],"class_list":{"0":"post-6214","1":"product","2":"type-product","3":"status-publish","4":"has-post-thumbnail","6":"pwb-brand-marina-galanti","7":"product_brand-marina-galanti","8":"product_cat-femra","9":"product_cat-kepuce-per-femra","11":"first","12":"instock","13":"shipping-taxable","14":"purchasable","15":"product-type-variable"},"acf":[],"yoast_head":"<!-- This site is optimized with the Yoast SEO plugin v23.9 - https:\/\/yoast.com\/wordpress\/plugins\/seo\/ -->\n<title>MGS021 - Solid Shoes<\/title>\n<meta name=\"robots\" content=\"index, follow, max-snippet:-1, max-image-preview:large, max-video-preview:-1\" \/>\n<link rel=\"canonical\" href=\"https:\/\/solidshoes.com\/?product=mgs022\" \/>\n<meta property=\"og:locale\" content=\"en_US\" \/>\n<meta property=\"og:type\" content=\"article\" \/>\n<meta property=\"og:title\" content=\"MGS021 - Solid Shoes\" \/>\n<meta property=\"og:description\" content=\"P\u00ebr nj\u00eb pamje t\u00eb sofistikuar dhe komoditet t\u00eb p\u00ebrkryer, kepucet Marina Galanti jan\u00eb zgjedhja ideale p\u00ebr \u00e7do rast. P\u00ebrshtaten n\u00eb m\u00ebnyr\u00eb perfekte me \u00e7do veshje, duke ofruar nj\u00eb stil t\u00eb pakrahasuesh\u00ebm dhe ndjesi komode gjat\u00eb gjith\u00eb dit\u00ebs Read More\" \/>\n<meta property=\"og:url\" content=\"https:\/\/solidshoes.com\/?product=mgs022\" \/>\n<meta property=\"og:site_name\" content=\"Solid Shoes\" \/>\n<meta property=\"article:modified_time\" content=\"2025-09-24T16:31:32+00:00\" \/>\n<meta property=\"og:image\" content=\"https:\/\/solidshoes.com\/wp-content\/uploads\/2025\/09\/18.png\" \/>\n\t<meta property=\"og:image:width\" content=\"590\" \/>\n\t<meta property=\"og:image:height\" content=\"575\" \/>\n\t<meta property=\"og:image:type\" content=\"image\/png\" \/>\n<meta name=\"twitter:card\" content=\"summary_large_image\" \/>\n<meta name=\"twitter:label1\" content=\"Est. reading time\" \/>\n\t<meta name=\"twitter:data1\" content=\"1 minute\" \/>\n<script type=\"application\/ld+json\" class=\"yoast-schema-graph\">{\"@context\":\"https:\/\/schema.org\",\"@graph\":[{\"@type\":\"WebPage\",\"@id\":\"https:\/\/solidshoes.com\/?product=mgs022\",\"url\":\"https:\/\/solidshoes.com\/?product=mgs022\",\"name\":\"MGS021 - Solid Shoes\",\"isPartOf\":{\"@id\":\"https:\/\/solidshoes.com\/#website\"},\"primaryImageOfPage\":{\"@id\":\"https:\/\/solidshoes.com\/?product=mgs022#primaryimage\"},\"image\":{\"@id\":\"https:\/\/solidshoes.com\/?product=mgs022#primaryimage\"},\"thumbnailUrl\":\"https:\/\/solidshoes.com\/wp-content\/uploads\/2025\/09\/18.png\",\"datePublished\":\"2025-09-24T16:28:33+00:00\",\"dateModified\":\"2025-09-24T16:31:32+00:00\",\"breadcrumb\":{\"@id\":\"https:\/\/solidshoes.com\/?product=mgs022#breadcrumb\"},\"inLanguage\":\"en-US\",\"potentialAction\":[{\"@type\":\"ReadAction\",\"target\":[\"https:\/\/solidshoes.com\/?product=mgs022\"]}]},{\"@type\":\"ImageObject\",\"inLanguage\":\"en-US\",\"@id\":\"https:\/\/solidshoes.com\/?product=mgs022#primaryimage\",\"url\":\"https:\/\/solidshoes.com\/wp-content\/uploads\/2025\/09\/18.png\",\"contentUrl\":\"https:\/\/solidshoes.com\/wp-content\/uploads\/2025\/09\/18.png\",\"width\":590,\"height\":575},{\"@type\":\"BreadcrumbList\",\"@id\":\"https:\/\/solidshoes.com\/?product=mgs022#breadcrumb\",\"itemListElement\":[{\"@type\":\"ListItem\",\"position\":1,\"name\":\"Home\",\"item\":\"https:\/\/solidshoes.com\/\"},{\"@type\":\"ListItem\",\"position\":2,\"name\":\"Shop\",\"item\":\"https:\/\/solidshoes.com\/?page_id=9\"},{\"@type\":\"ListItem\",\"position\":3,\"name\":\"MGS021\"}]},{\"@type\":\"WebSite\",\"@id\":\"https:\/\/solidshoes.com\/#website\",\"url\":\"https:\/\/solidshoes.com\/\",\"name\":\"Solid Shoes\",\"description\":\"\",\"potentialAction\":[{\"@type\":\"SearchAction\",\"target\":{\"@type\":\"EntryPoint\",\"urlTemplate\":\"https:\/\/solidshoes.com\/?s={search_term_string}\"},\"query-input\":{\"@type\":\"PropertyValueSpecification\",\"valueRequired\":true,\"valueName\":\"search_term_string\"}}],\"inLanguage\":\"en-US\"}]}<\/script>\n<!-- \/ Yoast SEO plugin. -->","yoast_head_json":{"title":"MGS021 - Solid Shoes","robots":{"index":"index","follow":"follow","max-snippet":"max-snippet:-1","max-image-preview":"max-image-preview:large","max-video-preview":"max-video-preview:-1"},"canonical":"https:\/\/solidshoes.com\/?product=mgs022","og_locale":"en_US","og_type":"article","og_title":"MGS021 - Solid Shoes","og_description":"P\u00ebr nj\u00eb pamje t\u00eb sofistikuar dhe komoditet t\u00eb p\u00ebrkryer, kepucet Marina Galanti jan\u00eb zgjedhja ideale p\u00ebr \u00e7do rast. P\u00ebrshtaten n\u00eb m\u00ebnyr\u00eb perfekte me \u00e7do veshje, duke ofruar nj\u00eb stil t\u00eb pakrahasuesh\u00ebm dhe ndjesi komode gjat\u00eb gjith\u00eb dit\u00ebs Read More","og_url":"https:\/\/solidshoes.com\/?product=mgs022","og_site_name":"Solid Shoes","article_modified_time":"2025-09-24T16:31:32+00:00","og_image":[{"width":590,"height":575,"url":"https:\/\/solidshoes.com\/wp-content\/uploads\/2025\/09\/18.png","type":"image\/png"}],"twitter_card":"summary_large_image","twitter_misc":{"Est. reading time":"1 minute"},"schema":{"@context":"https:\/\/schema.org","@graph":[{"@type":"WebPage","@id":"https:\/\/solidshoes.com\/?product=mgs022","url":"https:\/\/solidshoes.com\/?product=mgs022","name":"MGS021 - Solid Shoes","isPartOf":{"@id":"https:\/\/solidshoes.com\/#website"},"primaryImageOfPage":{"@id":"https:\/\/solidshoes.com\/?product=mgs022#primaryimage"},"image":{"@id":"https:\/\/solidshoes.com\/?product=mgs022#primaryimage"},"thumbnailUrl":"https:\/\/solidshoes.com\/wp-content\/uploads\/2025\/09\/18.png","datePublished":"2025-09-24T16:28:33+00:00","dateModified":"2025-09-24T16:31:32+00:00","breadcrumb":{"@id":"https:\/\/solidshoes.com\/?product=mgs022#breadcrumb"},"inLanguage":"en-US","potentialAction":[{"@type":"ReadAction","target":["https:\/\/solidshoes.com\/?product=mgs022"]}]},{"@type":"ImageObject","inLanguage":"en-US","@id":"https:\/\/solidshoes.com\/?product=mgs022#primaryimage","url":"https:\/\/solidshoes.com\/wp-content\/uploads\/2025\/09\/18.png","contentUrl":"https:\/\/solidshoes.com\/wp-content\/uploads\/2025\/09\/18.png","width":590,"height":575},{"@type":"BreadcrumbList","@id":"https:\/\/solidshoes.com\/?product=mgs022#breadcrumb","itemListElement":[{"@type":"ListItem","position":1,"name":"Home","item":"https:\/\/solidshoes.com\/"},{"@type":"ListItem","position":2,"name":"Shop","item":"https:\/\/solidshoes.com\/?page_id=9"},{"@type":"ListItem","position":3,"name":"MGS021"}]},{"@type":"WebSite","@id":"https:\/\/solidshoes.com\/#website","url":"https:\/\/solidshoes.com\/","name":"Solid Shoes","description":"","potentialAction":[{"@type":"SearchAction","target":{"@type":"EntryPoint","urlTemplate":"https:\/\/solidshoes.com\/?s={search_term_string}"},"query-input":{"@type":"PropertyValueSpecification","valueRequired":true,"valueName":"search_term_string"}}],"inLanguage":"en-US"}]}},"brands":[{"id":151,"name":"Marina Galanti","slug":"marina-galanti"}],"_links":{"self":[{"href":"https:\/\/solidshoes.com\/index.php?rest_route=\/wp\/v2\/product\/6214","targetHints":{"allow":["GET"]}}],"collection":[{"href":"https:\/\/solidshoes.com\/index.php?rest_route=\/wp\/v2\/product"}],"about":[{"href":"https:\/\/solidshoes.com\/index.php?rest_route=\/wp\/v2\/types\/product"}],"replies":[{"embeddable":true,"href":"https:\/\/solidshoes.com\/index.php?rest_route=%2Fwp%2Fv2%2Fcomments&post=6214"}],"version-history":[{"count":2,"href":"https:\/\/solidshoes.com\/index.php?rest_route=\/wp\/v2\/product\/6214\/revisions"}],"predecessor-version":[{"id":6243,"href":"https:\/\/solidshoes.com\/index.php?rest_route=\/wp\/v2\/product\/6214\/revisions\/6243"}],"wp:featuredmedia":[{"embeddable":true,"href":"https:\/\/solidshoes.com\/index.php?rest_route=\/wp\/v2\/media\/6219"}],"wp:attachment":[{"href":"https:\/\/solidshoes.com\/index.php?rest_route=%2Fwp%2Fv2%2Fmedia&parent=6214"}],"wp:term":[{"taxonomy":"pwb-brand","embeddable":true,"href":"https:\/\/solidshoes.com\/index.php?rest_route=%2Fwp%2Fv2%2Fpwb-brand&post=6214"},{"taxonomy":"product_brand","embeddable":true,"href":"https:\/\/solidshoes.com\/index.php?rest_route=%2Fwp%2Fv2%2Fproduct_brand&post=6214"},{"taxonomy":"product_cat","embeddable":true,"href":"https:\/\/solidshoes.com\/index.php?rest_route=%2Fwp%2Fv2%2Fproduct_cat&post=6214"},{"taxonomy":"product_tag","embeddable":true,"href":"https:\/\/solidshoes.com\/index.php?rest_route=%2Fwp%2Fv2%2Fproduct_tag&post=6214"}],"curies":[{"name":"wp","href":"https:\/\/api.w.org\/{rel}","templated":true}]}}