{"id":4685,"date":"2025-06-25T12:32:04","date_gmt":"2025-06-25T12:32:04","guid":{"rendered":"https:\/\/solidshoes.com\/?post_type=product&#038;p=4685"},"modified":"2025-06-25T12:32:04","modified_gmt":"2025-06-25T12:32:04","slug":"golden-dune","status":"publish","type":"product","link":"https:\/\/solidshoes.com\/?product=golden-dune","title":{"rendered":"Golden Dune"},"content":{"rendered":"<p>Nuk jan\u00eb thjesht nj\u00eb pal\u00eb patikejan\u00eb kujdes p\u00ebr \u00e7do hap. T\u00eb pajisura me shtroj\u00eb ortopedike me memory foam, p\u00ebrshtaten n\u00eb m\u00ebnyr\u00eb perfekte me form\u00ebn e k\u00ebmb\u00ebs t\u00ebnde dhe ofrojn\u00eb rehati t\u00eb p\u00ebrhershme. Ultra t\u00eb lehta, fleksibile dhe me dizajn elegant, k\u00ebto patike jan\u00eb t\u00eb krijuara p\u00ebr t\u00eb t\u00eb mb\u00ebshtetur n\u00eb \u00e7do moment t\u00eb dit\u00ebs\u00a0 pa ndjer\u00eb lodhje.<\/p>\n","protected":false},"excerpt":{"rendered":"<p>Nuk jan\u00eb thjesht nj\u00eb pal\u00eb patikejan\u00eb kujdes p\u00ebr \u00e7do hap. T\u00eb pajisura me shtroj\u00eb ortopedike me memory foam, p\u00ebrshtaten n\u00eb m\u00ebnyr\u00eb perfekte me form\u00ebn e k\u00ebmb\u00ebs t\u00ebnde dhe ofrojn\u00eb rehati t\u00eb p\u00ebrhershme. Ultra t\u00eb lehta, fleksibile dhe me dizajn elegant, k\u00ebto patike jan\u00eb t\u00eb krijuara p\u00ebr t\u00eb t\u00eb mb\u00ebshtetur n\u00eb \u00e7do moment t\u00eb dit\u00ebs\u00a0 pa <\/p>\n<div><a class=\"zoli-read-more-link\" href=\"https:\/\/solidshoes.com\/?product=golden-dune\">Read More<span class=\"lexus-icon-Icon_Next\"><\/span><\/a><\/div>\n","protected":false},"featured_media":4710,"comment_status":"open","ping_status":"closed","template":"","meta":{"_acf_changed":false},"pwb-brand":[],"product_brand":[],"product_cat":[89,160],"product_tag":[40,91,42,43],"class_list":{"0":"post-4685","1":"product","2":"type-product","3":"status-publish","4":"has-post-thumbnail","6":"product_cat-femra","7":"product_cat-patika-per-femra","8":"product_tag-comfort","9":"product_tag-extra-light","10":"product_tag-ortopedike","11":"product_tag-lekure-memory","13":"first","14":"instock","15":"shipping-taxable","16":"purchasable","17":"product-type-variable"},"acf":[],"yoast_head":"<!-- This site is optimized with the Yoast SEO plugin v23.9 - https:\/\/yoast.com\/wordpress\/plugins\/seo\/ -->\n<title>Golden Dune - Solid Shoes<\/title>\n<meta name=\"robots\" content=\"index, follow, max-snippet:-1, max-image-preview:large, max-video-preview:-1\" \/>\n<link rel=\"canonical\" href=\"https:\/\/solidshoes.com\/?product=golden-dune\" \/>\n<meta property=\"og:locale\" content=\"en_US\" \/>\n<meta property=\"og:type\" content=\"article\" \/>\n<meta property=\"og:title\" content=\"Golden Dune - Solid Shoes\" \/>\n<meta property=\"og:description\" content=\"Nuk jan\u00eb thjesht nj\u00eb pal\u00eb patikejan\u00eb kujdes p\u00ebr \u00e7do hap. T\u00eb pajisura me shtroj\u00eb ortopedike me memory foam, p\u00ebrshtaten n\u00eb m\u00ebnyr\u00eb perfekte me form\u00ebn e k\u00ebmb\u00ebs t\u00ebnde dhe ofrojn\u00eb rehati t\u00eb p\u00ebrhershme. Ultra t\u00eb lehta, fleksibile dhe me dizajn elegant, k\u00ebto patike jan\u00eb t\u00eb krijuara p\u00ebr t\u00eb t\u00eb mb\u00ebshtetur n\u00eb \u00e7do moment t\u00eb dit\u00ebs\u00a0 pa Read More\" \/>\n<meta property=\"og:url\" content=\"https:\/\/solidshoes.com\/?product=golden-dune\" \/>\n<meta property=\"og:site_name\" content=\"Solid Shoes\" \/>\n<meta property=\"og:image\" content=\"https:\/\/solidshoes.com\/wp-content\/uploads\/2025\/05\/13-3.png\" \/>\n\t<meta property=\"og:image:width\" content=\"1024\" \/>\n\t<meta property=\"og:image:height\" content=\"1024\" \/>\n\t<meta property=\"og:image:type\" content=\"image\/png\" \/>\n<meta name=\"twitter:card\" content=\"summary_large_image\" \/>\n<meta name=\"twitter:label1\" content=\"Est. reading time\" \/>\n\t<meta name=\"twitter:data1\" content=\"1 minute\" \/>\n<script type=\"application\/ld+json\" class=\"yoast-schema-graph\">{\"@context\":\"https:\/\/schema.org\",\"@graph\":[{\"@type\":\"WebPage\",\"@id\":\"https:\/\/solidshoes.com\/?product=golden-dune\",\"url\":\"https:\/\/solidshoes.com\/?product=golden-dune\",\"name\":\"Golden Dune - Solid Shoes\",\"isPartOf\":{\"@id\":\"https:\/\/solidshoes.com\/#website\"},\"primaryImageOfPage\":{\"@id\":\"https:\/\/solidshoes.com\/?product=golden-dune#primaryimage\"},\"image\":{\"@id\":\"https:\/\/solidshoes.com\/?product=golden-dune#primaryimage\"},\"thumbnailUrl\":\"https:\/\/solidshoes.com\/wp-content\/uploads\/2025\/05\/13-3.png\",\"datePublished\":\"2025-06-25T12:32:04+00:00\",\"dateModified\":\"2025-06-25T12:32:04+00:00\",\"breadcrumb\":{\"@id\":\"https:\/\/solidshoes.com\/?product=golden-dune#breadcrumb\"},\"inLanguage\":\"en-US\",\"potentialAction\":[{\"@type\":\"ReadAction\",\"target\":[\"https:\/\/solidshoes.com\/?product=golden-dune\"]}]},{\"@type\":\"ImageObject\",\"inLanguage\":\"en-US\",\"@id\":\"https:\/\/solidshoes.com\/?product=golden-dune#primaryimage\",\"url\":\"https:\/\/solidshoes.com\/wp-content\/uploads\/2025\/05\/13-3.png\",\"contentUrl\":\"https:\/\/solidshoes.com\/wp-content\/uploads\/2025\/05\/13-3.png\",\"width\":1024,\"height\":1024},{\"@type\":\"BreadcrumbList\",\"@id\":\"https:\/\/solidshoes.com\/?product=golden-dune#breadcrumb\",\"itemListElement\":[{\"@type\":\"ListItem\",\"position\":1,\"name\":\"Home\",\"item\":\"https:\/\/solidshoes.com\/\"},{\"@type\":\"ListItem\",\"position\":2,\"name\":\"Shop\",\"item\":\"https:\/\/solidshoes.com\/?page_id=9\"},{\"@type\":\"ListItem\",\"position\":3,\"name\":\"Golden Dune\"}]},{\"@type\":\"WebSite\",\"@id\":\"https:\/\/solidshoes.com\/#website\",\"url\":\"https:\/\/solidshoes.com\/\",\"name\":\"Solid Shoes\",\"description\":\"\",\"potentialAction\":[{\"@type\":\"SearchAction\",\"target\":{\"@type\":\"EntryPoint\",\"urlTemplate\":\"https:\/\/solidshoes.com\/?s={search_term_string}\"},\"query-input\":{\"@type\":\"PropertyValueSpecification\",\"valueRequired\":true,\"valueName\":\"search_term_string\"}}],\"inLanguage\":\"en-US\"}]}<\/script>\n<!-- \/ Yoast SEO plugin. -->","yoast_head_json":{"title":"Golden Dune - Solid Shoes","robots":{"index":"index","follow":"follow","max-snippet":"max-snippet:-1","max-image-preview":"max-image-preview:large","max-video-preview":"max-video-preview:-1"},"canonical":"https:\/\/solidshoes.com\/?product=golden-dune","og_locale":"en_US","og_type":"article","og_title":"Golden Dune - Solid Shoes","og_description":"Nuk jan\u00eb thjesht nj\u00eb pal\u00eb patikejan\u00eb kujdes p\u00ebr \u00e7do hap. T\u00eb pajisura me shtroj\u00eb ortopedike me memory foam, p\u00ebrshtaten n\u00eb m\u00ebnyr\u00eb perfekte me form\u00ebn e k\u00ebmb\u00ebs t\u00ebnde dhe ofrojn\u00eb rehati t\u00eb p\u00ebrhershme. Ultra t\u00eb lehta, fleksibile dhe me dizajn elegant, k\u00ebto patike jan\u00eb t\u00eb krijuara p\u00ebr t\u00eb t\u00eb mb\u00ebshtetur n\u00eb \u00e7do moment t\u00eb dit\u00ebs\u00a0 pa Read More","og_url":"https:\/\/solidshoes.com\/?product=golden-dune","og_site_name":"Solid Shoes","og_image":[{"width":1024,"height":1024,"url":"https:\/\/solidshoes.com\/wp-content\/uploads\/2025\/05\/13-3.png","type":"image\/png"}],"twitter_card":"summary_large_image","twitter_misc":{"Est. reading time":"1 minute"},"schema":{"@context":"https:\/\/schema.org","@graph":[{"@type":"WebPage","@id":"https:\/\/solidshoes.com\/?product=golden-dune","url":"https:\/\/solidshoes.com\/?product=golden-dune","name":"Golden Dune - Solid Shoes","isPartOf":{"@id":"https:\/\/solidshoes.com\/#website"},"primaryImageOfPage":{"@id":"https:\/\/solidshoes.com\/?product=golden-dune#primaryimage"},"image":{"@id":"https:\/\/solidshoes.com\/?product=golden-dune#primaryimage"},"thumbnailUrl":"https:\/\/solidshoes.com\/wp-content\/uploads\/2025\/05\/13-3.png","datePublished":"2025-06-25T12:32:04+00:00","dateModified":"2025-06-25T12:32:04+00:00","breadcrumb":{"@id":"https:\/\/solidshoes.com\/?product=golden-dune#breadcrumb"},"inLanguage":"en-US","potentialAction":[{"@type":"ReadAction","target":["https:\/\/solidshoes.com\/?product=golden-dune"]}]},{"@type":"ImageObject","inLanguage":"en-US","@id":"https:\/\/solidshoes.com\/?product=golden-dune#primaryimage","url":"https:\/\/solidshoes.com\/wp-content\/uploads\/2025\/05\/13-3.png","contentUrl":"https:\/\/solidshoes.com\/wp-content\/uploads\/2025\/05\/13-3.png","width":1024,"height":1024},{"@type":"BreadcrumbList","@id":"https:\/\/solidshoes.com\/?product=golden-dune#breadcrumb","itemListElement":[{"@type":"ListItem","position":1,"name":"Home","item":"https:\/\/solidshoes.com\/"},{"@type":"ListItem","position":2,"name":"Shop","item":"https:\/\/solidshoes.com\/?page_id=9"},{"@type":"ListItem","position":3,"name":"Golden Dune"}]},{"@type":"WebSite","@id":"https:\/\/solidshoes.com\/#website","url":"https:\/\/solidshoes.com\/","name":"Solid Shoes","description":"","potentialAction":[{"@type":"SearchAction","target":{"@type":"EntryPoint","urlTemplate":"https:\/\/solidshoes.com\/?s={search_term_string}"},"query-input":{"@type":"PropertyValueSpecification","valueRequired":true,"valueName":"search_term_string"}}],"inLanguage":"en-US"}]}},"brands":[],"_links":{"self":[{"href":"https:\/\/solidshoes.com\/index.php?rest_route=\/wp\/v2\/product\/4685","targetHints":{"allow":["GET"]}}],"collection":[{"href":"https:\/\/solidshoes.com\/index.php?rest_route=\/wp\/v2\/product"}],"about":[{"href":"https:\/\/solidshoes.com\/index.php?rest_route=\/wp\/v2\/types\/product"}],"replies":[{"embeddable":true,"href":"https:\/\/solidshoes.com\/index.php?rest_route=%2Fwp%2Fv2%2Fcomments&post=4685"}],"version-history":[{"count":2,"href":"https:\/\/solidshoes.com\/index.php?rest_route=\/wp\/v2\/product\/4685\/revisions"}],"predecessor-version":[{"id":4925,"href":"https:\/\/solidshoes.com\/index.php?rest_route=\/wp\/v2\/product\/4685\/revisions\/4925"}],"wp:featuredmedia":[{"embeddable":true,"href":"https:\/\/solidshoes.com\/index.php?rest_route=\/wp\/v2\/media\/4710"}],"wp:attachment":[{"href":"https:\/\/solidshoes.com\/index.php?rest_route=%2Fwp%2Fv2%2Fmedia&parent=4685"}],"wp:term":[{"taxonomy":"pwb-brand","embeddable":true,"href":"https:\/\/solidshoes.com\/index.php?rest_route=%2Fwp%2Fv2%2Fpwb-brand&post=4685"},{"taxonomy":"product_brand","embeddable":true,"href":"https:\/\/solidshoes.com\/index.php?rest_route=%2Fwp%2Fv2%2Fproduct_brand&post=4685"},{"taxonomy":"product_cat","embeddable":true,"href":"https:\/\/solidshoes.com\/index.php?rest_route=%2Fwp%2Fv2%2Fproduct_cat&post=4685"},{"taxonomy":"product_tag","embeddable":true,"href":"https:\/\/solidshoes.com\/index.php?rest_route=%2Fwp%2Fv2%2Fproduct_tag&post=4685"}],"curies":[{"name":"wp","href":"https:\/\/api.w.org\/{rel}","templated":true}]}}