{"id":4655,"date":"2025-06-25T13:07:10","date_gmt":"2025-06-25T13:07:10","guid":{"rendered":"https:\/\/solidshoes.com\/?post_type=product&#038;p=4655"},"modified":"2025-06-25T13:07:10","modified_gmt":"2025-06-25T13:07:10","slug":"sj-lace-up","status":"publish","type":"product","link":"https:\/\/solidshoes.com\/?product=sj-lace-up","title":{"rendered":"SJ LACE UP"},"content":{"rendered":"<p>Nuk \u00ebsht\u00eb thjesht nj\u00eb pal\u00eb patike \u00ebsht\u00eb kujdes p\u00ebr \u00e7do hap. SJ Lifestyle p\u00ebr femra, t\u00eb pajisura me shtroj\u00eb ortopedike me memory foam, p\u00ebrshtaten n\u00eb m\u00ebnyr\u00eb perfekte me form\u00ebn e k\u00ebmb\u00ebs t\u00ebnde dhe ofrojn\u00eb rehati t\u00eb p\u00ebrhershme. Ultra t\u00eb lehta, fleksibile dhe me dizajn elegant, k\u00ebto patike jan\u00eb t\u00eb krijuara p\u00ebr t\u00eb t\u00eb mb\u00ebshtetur n\u00eb \u00e7do moment t\u00eb dit\u00ebs\u00a0 pa ndjer\u00eb lodhje.<\/p>\n","protected":false},"excerpt":{"rendered":"<p>Nuk \u00ebsht\u00eb thjesht nj\u00eb pal\u00eb patike \u00ebsht\u00eb kujdes p\u00ebr \u00e7do hap. SJ Lifestyle p\u00ebr femra, t\u00eb pajisura me shtroj\u00eb ortopedike me memory foam, p\u00ebrshtaten n\u00eb m\u00ebnyr\u00eb perfekte me form\u00ebn e k\u00ebmb\u00ebs t\u00ebnde dhe ofrojn\u00eb rehati t\u00eb p\u00ebrhershme. Ultra t\u00eb lehta, fleksibile dhe me dizajn elegant, k\u00ebto patike jan\u00eb t\u00eb krijuara p\u00ebr t\u00eb t\u00eb mb\u00ebshtetur n\u00eb <\/p>\n<div><a class=\"zoli-read-more-link\" href=\"https:\/\/solidshoes.com\/?product=sj-lace-up\">Read More<span class=\"lexus-icon-Icon_Next\"><\/span><\/a><\/div>\n","protected":false},"featured_media":4656,"comment_status":"open","ping_status":"closed","template":"","meta":{"_acf_changed":false},"pwb-brand":[181],"product_brand":[161],"product_cat":[89,160],"product_tag":[91,43],"class_list":{"0":"post-4655","1":"product","2":"type-product","3":"status-publish","4":"has-post-thumbnail","6":"pwb-brand-sj-lifestyle","7":"product_brand-sj-lifestyle","8":"product_cat-femra","9":"product_cat-patika-per-femra","10":"product_tag-extra-light","11":"product_tag-lekure-memory","13":"first","14":"instock","15":"shipping-taxable","16":"purchasable","17":"product-type-variable"},"acf":[],"yoast_head":"<!-- This site is optimized with the Yoast SEO plugin v23.9 - https:\/\/yoast.com\/wordpress\/plugins\/seo\/ -->\n<title>SJ LACE UP - Solid Shoes<\/title>\n<meta name=\"robots\" content=\"index, follow, max-snippet:-1, max-image-preview:large, max-video-preview:-1\" \/>\n<link rel=\"canonical\" href=\"https:\/\/solidshoes.com\/?product=sj-lace-up\" \/>\n<meta property=\"og:locale\" content=\"en_US\" \/>\n<meta property=\"og:type\" content=\"article\" \/>\n<meta property=\"og:title\" content=\"SJ LACE UP - Solid Shoes\" \/>\n<meta property=\"og:description\" content=\"Nuk \u00ebsht\u00eb thjesht nj\u00eb pal\u00eb patike \u00ebsht\u00eb kujdes p\u00ebr \u00e7do hap. SJ Lifestyle p\u00ebr femra, t\u00eb pajisura me shtroj\u00eb ortopedike me memory foam, p\u00ebrshtaten n\u00eb m\u00ebnyr\u00eb perfekte me form\u00ebn e k\u00ebmb\u00ebs t\u00ebnde dhe ofrojn\u00eb rehati t\u00eb p\u00ebrhershme. Ultra t\u00eb lehta, fleksibile dhe me dizajn elegant, k\u00ebto patike jan\u00eb t\u00eb krijuara p\u00ebr t\u00eb t\u00eb mb\u00ebshtetur n\u00eb Read More\" \/>\n<meta property=\"og:url\" content=\"https:\/\/solidshoes.com\/?product=sj-lace-up\" \/>\n<meta property=\"og:site_name\" content=\"Solid Shoes\" \/>\n<meta property=\"og:image\" content=\"https:\/\/solidshoes.com\/wp-content\/uploads\/2025\/05\/1-25.png\" \/>\n\t<meta property=\"og:image:width\" content=\"640\" \/>\n\t<meta property=\"og:image:height\" content=\"640\" \/>\n\t<meta property=\"og:image:type\" content=\"image\/png\" \/>\n<meta name=\"twitter:card\" content=\"summary_large_image\" \/>\n<meta name=\"twitter:label1\" content=\"Est. reading time\" \/>\n\t<meta name=\"twitter:data1\" content=\"1 minute\" \/>\n<script type=\"application\/ld+json\" class=\"yoast-schema-graph\">{\"@context\":\"https:\/\/schema.org\",\"@graph\":[{\"@type\":\"WebPage\",\"@id\":\"https:\/\/solidshoes.com\/?product=sj-lace-up\",\"url\":\"https:\/\/solidshoes.com\/?product=sj-lace-up\",\"name\":\"SJ LACE UP - Solid Shoes\",\"isPartOf\":{\"@id\":\"https:\/\/solidshoes.com\/#website\"},\"primaryImageOfPage\":{\"@id\":\"https:\/\/solidshoes.com\/?product=sj-lace-up#primaryimage\"},\"image\":{\"@id\":\"https:\/\/solidshoes.com\/?product=sj-lace-up#primaryimage\"},\"thumbnailUrl\":\"https:\/\/solidshoes.com\/wp-content\/uploads\/2025\/05\/1-25.png\",\"datePublished\":\"2025-06-25T13:07:10+00:00\",\"dateModified\":\"2025-06-25T13:07:10+00:00\",\"breadcrumb\":{\"@id\":\"https:\/\/solidshoes.com\/?product=sj-lace-up#breadcrumb\"},\"inLanguage\":\"en-US\",\"potentialAction\":[{\"@type\":\"ReadAction\",\"target\":[\"https:\/\/solidshoes.com\/?product=sj-lace-up\"]}]},{\"@type\":\"ImageObject\",\"inLanguage\":\"en-US\",\"@id\":\"https:\/\/solidshoes.com\/?product=sj-lace-up#primaryimage\",\"url\":\"https:\/\/solidshoes.com\/wp-content\/uploads\/2025\/05\/1-25.png\",\"contentUrl\":\"https:\/\/solidshoes.com\/wp-content\/uploads\/2025\/05\/1-25.png\",\"width\":640,\"height\":640},{\"@type\":\"BreadcrumbList\",\"@id\":\"https:\/\/solidshoes.com\/?product=sj-lace-up#breadcrumb\",\"itemListElement\":[{\"@type\":\"ListItem\",\"position\":1,\"name\":\"Home\",\"item\":\"https:\/\/solidshoes.com\/\"},{\"@type\":\"ListItem\",\"position\":2,\"name\":\"Shop\",\"item\":\"https:\/\/solidshoes.com\/?page_id=9\"},{\"@type\":\"ListItem\",\"position\":3,\"name\":\"SJ LACE UP\"}]},{\"@type\":\"WebSite\",\"@id\":\"https:\/\/solidshoes.com\/#website\",\"url\":\"https:\/\/solidshoes.com\/\",\"name\":\"Solid Shoes\",\"description\":\"\",\"potentialAction\":[{\"@type\":\"SearchAction\",\"target\":{\"@type\":\"EntryPoint\",\"urlTemplate\":\"https:\/\/solidshoes.com\/?s={search_term_string}\"},\"query-input\":{\"@type\":\"PropertyValueSpecification\",\"valueRequired\":true,\"valueName\":\"search_term_string\"}}],\"inLanguage\":\"en-US\"}]}<\/script>\n<!-- \/ Yoast SEO plugin. -->","yoast_head_json":{"title":"SJ LACE UP - Solid Shoes","robots":{"index":"index","follow":"follow","max-snippet":"max-snippet:-1","max-image-preview":"max-image-preview:large","max-video-preview":"max-video-preview:-1"},"canonical":"https:\/\/solidshoes.com\/?product=sj-lace-up","og_locale":"en_US","og_type":"article","og_title":"SJ LACE UP - Solid Shoes","og_description":"Nuk \u00ebsht\u00eb thjesht nj\u00eb pal\u00eb patike \u00ebsht\u00eb kujdes p\u00ebr \u00e7do hap. SJ Lifestyle p\u00ebr femra, t\u00eb pajisura me shtroj\u00eb ortopedike me memory foam, p\u00ebrshtaten n\u00eb m\u00ebnyr\u00eb perfekte me form\u00ebn e k\u00ebmb\u00ebs t\u00ebnde dhe ofrojn\u00eb rehati t\u00eb p\u00ebrhershme. Ultra t\u00eb lehta, fleksibile dhe me dizajn elegant, k\u00ebto patike jan\u00eb t\u00eb krijuara p\u00ebr t\u00eb t\u00eb mb\u00ebshtetur n\u00eb Read More","og_url":"https:\/\/solidshoes.com\/?product=sj-lace-up","og_site_name":"Solid Shoes","og_image":[{"width":640,"height":640,"url":"https:\/\/solidshoes.com\/wp-content\/uploads\/2025\/05\/1-25.png","type":"image\/png"}],"twitter_card":"summary_large_image","twitter_misc":{"Est. reading time":"1 minute"},"schema":{"@context":"https:\/\/schema.org","@graph":[{"@type":"WebPage","@id":"https:\/\/solidshoes.com\/?product=sj-lace-up","url":"https:\/\/solidshoes.com\/?product=sj-lace-up","name":"SJ LACE UP - Solid Shoes","isPartOf":{"@id":"https:\/\/solidshoes.com\/#website"},"primaryImageOfPage":{"@id":"https:\/\/solidshoes.com\/?product=sj-lace-up#primaryimage"},"image":{"@id":"https:\/\/solidshoes.com\/?product=sj-lace-up#primaryimage"},"thumbnailUrl":"https:\/\/solidshoes.com\/wp-content\/uploads\/2025\/05\/1-25.png","datePublished":"2025-06-25T13:07:10+00:00","dateModified":"2025-06-25T13:07:10+00:00","breadcrumb":{"@id":"https:\/\/solidshoes.com\/?product=sj-lace-up#breadcrumb"},"inLanguage":"en-US","potentialAction":[{"@type":"ReadAction","target":["https:\/\/solidshoes.com\/?product=sj-lace-up"]}]},{"@type":"ImageObject","inLanguage":"en-US","@id":"https:\/\/solidshoes.com\/?product=sj-lace-up#primaryimage","url":"https:\/\/solidshoes.com\/wp-content\/uploads\/2025\/05\/1-25.png","contentUrl":"https:\/\/solidshoes.com\/wp-content\/uploads\/2025\/05\/1-25.png","width":640,"height":640},{"@type":"BreadcrumbList","@id":"https:\/\/solidshoes.com\/?product=sj-lace-up#breadcrumb","itemListElement":[{"@type":"ListItem","position":1,"name":"Home","item":"https:\/\/solidshoes.com\/"},{"@type":"ListItem","position":2,"name":"Shop","item":"https:\/\/solidshoes.com\/?page_id=9"},{"@type":"ListItem","position":3,"name":"SJ LACE UP"}]},{"@type":"WebSite","@id":"https:\/\/solidshoes.com\/#website","url":"https:\/\/solidshoes.com\/","name":"Solid Shoes","description":"","potentialAction":[{"@type":"SearchAction","target":{"@type":"EntryPoint","urlTemplate":"https:\/\/solidshoes.com\/?s={search_term_string}"},"query-input":{"@type":"PropertyValueSpecification","valueRequired":true,"valueName":"search_term_string"}}],"inLanguage":"en-US"}]}},"brands":[{"id":181,"name":"SJ Lifestyle","slug":"sj-lifestyle"}],"_links":{"self":[{"href":"https:\/\/solidshoes.com\/index.php?rest_route=\/wp\/v2\/product\/4655","targetHints":{"allow":["GET"]}}],"collection":[{"href":"https:\/\/solidshoes.com\/index.php?rest_route=\/wp\/v2\/product"}],"about":[{"href":"https:\/\/solidshoes.com\/index.php?rest_route=\/wp\/v2\/types\/product"}],"replies":[{"embeddable":true,"href":"https:\/\/solidshoes.com\/index.php?rest_route=%2Fwp%2Fv2%2Fcomments&post=4655"}],"version-history":[{"count":1,"href":"https:\/\/solidshoes.com\/index.php?rest_route=\/wp\/v2\/product\/4655\/revisions"}],"predecessor-version":[{"id":4666,"href":"https:\/\/solidshoes.com\/index.php?rest_route=\/wp\/v2\/product\/4655\/revisions\/4666"}],"wp:featuredmedia":[{"embeddable":true,"href":"https:\/\/solidshoes.com\/index.php?rest_route=\/wp\/v2\/media\/4656"}],"wp:attachment":[{"href":"https:\/\/solidshoes.com\/index.php?rest_route=%2Fwp%2Fv2%2Fmedia&parent=4655"}],"wp:term":[{"taxonomy":"pwb-brand","embeddable":true,"href":"https:\/\/solidshoes.com\/index.php?rest_route=%2Fwp%2Fv2%2Fpwb-brand&post=4655"},{"taxonomy":"product_brand","embeddable":true,"href":"https:\/\/solidshoes.com\/index.php?rest_route=%2Fwp%2Fv2%2Fproduct_brand&post=4655"},{"taxonomy":"product_cat","embeddable":true,"href":"https:\/\/solidshoes.com\/index.php?rest_route=%2Fwp%2Fv2%2Fproduct_cat&post=4655"},{"taxonomy":"product_tag","embeddable":true,"href":"https:\/\/solidshoes.com\/index.php?rest_route=%2Fwp%2Fv2%2Fproduct_tag&post=4655"}],"curies":[{"name":"wp","href":"https:\/\/api.w.org\/{rel}","templated":true}]}}